ose 0 = a + a - 3*x - 227, 3*x + 112 = a. Calculate the highest common divisor of q and a.
5
Suppose 4*l + 5*z - 113 = 0, -5*z = 2*l - 50 - 19. What is the greatest common divisor of l and 2816?
22
Suppose 21*x = 1604 - 92. What is the highest common divisor of 552 and x?
24
Suppose -203 = 4*i + 245. Let v = i - -192. What is the greatest common factor of 10 and v?
10
Let g = 248 + -246. Suppose -39 = -4*i - 3*c, -g*c - 7 = -2*i + i. Calculate the greatest common divisor of 9 and i.
9
Suppose 2*a - a = 8. Suppose 30*u - 2565 = -495 - 1350. What is the greatest common factor of u and a?
8
Suppose 4*y = 4*u + 20, 6*u = 7*u + 2. Suppose -2*g + 4*r + 56 = 0, -g = -2*g - y*r + 8. Calculate the highest common divisor of 90 and g.
10
Let i be -38*5/(-10) - -201. What is the greatest common factor of 748 and i?
44
Let l be 1 + -10 + 1132 - (6 - 5). What is the highest common factor of l and 792?
66
Let q(l) = -l**3 + 24*l**2 + 7*l - 137. Let d be q(10). Calculate the highest common divisor of 155 and d.
31
Suppose 11*q = -1830 + 1918. What is the highest common factor of q and 64?
8
Let f = 13193 + -11149. What is the highest common divisor of f and 730?
146
Let l = 21 - 35. Let m = 943 - 943. Let k be (4/l)/(m - 3/21). Calculate the highest common factor of k and 16.
2
Suppose 4*t - l + 3*l - 2 = 0, 29 = 3*t - 4*l. Suppose 2*p + 20 = s, 5*p = -t*s + 4*s - 5. Suppose x = 19 + 1. What is the highest common factor of s and x?
10
Let m = -734 + 1073. Let i = -314 + m. What is the greatest common factor of i and 475?
25
Let c be -10*4/((-40)/17). Calculate the greatest common factor of c and 510.
17
Suppose -x + 105 + 247 = 13*w, -4*w = -8. Calculate the greatest common factor of 16 and x.
2
Suppose -11*n + 6*n - 60 = 0. Let j = 10 + n. Let k be 0 + 20 + j + 0. Calculate the greatest common divisor of 27 and k.
9
Let n be -446 - (-1)/(3/9). Suppose -2*p + 4*p + 5*k + 480 = 0, 4*p - 5*k + 960 = 0. Let o = p - n. Calculate the greatest common factor of 29 and o.
29
Let h be (-28)/63 - (-448)/36. Suppose 4*m - h*m + 40 = 0. What is the highest common factor of 25 and m?
5
Let a = -195 - -294. Suppose 27 = 14*w - 117 - 108. What is the highest common divisor of w and a?
9
Let a = -5602 + 7768. Calculate the greatest common divisor of a and 6.
6
Let z = 399 + -150. Let h = z - 41. Calculate the highest common factor of h and 26.
26
Let k be 8/(-6)*18/4 + (-555749)/(-331). What is the greatest common divisor of 478 and k?
239
Suppose -x - 3*h + 87 = 0, 3*x - 318 + 35 = 2*h. Suppose 5*g - 5 - 20 = 0. Suppose d - 46 = -c + 4*d, g = -d. Calculate the greatest common divisor of c and x.
31
Let b(q) = -8*q - 81. Let w be b(-9). Let u be (-4)/3 - -184*(-3)/w. What is the greatest common factor of u and 20?
20
Suppose 0 = 5*l - 11 + 1. Suppose 0 = l*x + 645 - 823. What is the highest common factor of x and 1424?
89
Let y be (4/3)/(4/(-18)). Let k be y/(-12)*(1 - -7). Suppose 3170*i - 540 = 3155*i. What is the highest common factor of i and k?
4
Let z = -890 - -923. Calculate the greatest common factor of 11 and z.
11
Suppose 2*c - 399 - 289 = 0. Let f be c/14 - 69/(-161). What is the highest common divisor of 50 and f?
25
Let b = 111 - -42. Let k be (1210/200 - 3/(-4))/(123/615). What is the greatest common factor of b and k?
17
Let q(i) = 6*i**2 - 2*i - 2. Let p be q(-1). Suppose -18 = -p*z + 6. Calculate the greatest common divisor of z and 9.
1
Let r = 19 - 8. Suppose 0 = 5*m - 3*n + 784, 2*n - 5*n = 5*m + 766. Let s = -100 - m. Calculate the highest common divisor of r and s.
11
Let a be 563*2/22 + 7650/275 + -28. Calculate the greatest common factor of 85 and a.
17
Let n = 140 + -57. Let i = -11 + n. What is the greatest common divisor of i and 4?
4
Suppose -14*b + 770 = 5*k - 9*b, 2*k + 3*b = 310. What is the highest common divisor of k and 133?
19
Let b(n) = -n**3 + 18*n**2 - 115*n + 1720. Let o be b(17). What is the greatest common divisor of o and 801?
9
Let x = -7055 + 7075. What is the highest common divisor of x and 3790?
10
Let s = -1933 - -957. Let f be s/(-72) + (-4)/(-9). Let x be 70/4*4/2. Calculate the highest common divisor of f and x.
7
Let d(w) be the third derivative of w**5/60 + 23*w**4/24 + 55*w**3/3 - 147*w**2. Let h be d(-6). What is the highest common factor of 8 and h?
8
Suppose -55*w - 655452 + 440806 = -1685676. What is the highest common factor of 86 and w?
86
Let c be 9/(8/(-12) - (-14)/12). Let a = 314 + -218. Calculate the greatest common divisor of c and a.
6
Let a = -10103 + 10123. Calculate the highest common divisor of a and 1140.
20
Suppose -43*d + 8*d = -105. What is the highest common factor of 309 and d?
3
Let w(i) = 678*i**2 + 15*i + 48. Let z be w(-2). Calculate the greatest common factor of z and 975.
195
Suppose 152 = -223*z - 218*z + 449*z. What is the greatest common factor of z and 82441?
19
Suppose -6*j = -10190 + 9182. Let b be 7/(-28) + (-2018)/(-8). What is the greatest common factor of j and b?
84
Suppose -2*k - 85 - 1134 = -3*g, -3*g + 3*k + 1218 = 0. Let v = 440 - g. What is the highest common divisor of 12 and v?
3
Let q be (-50)/((-3)/3)*(-4)/(-8). Suppose -18*b + q*b - 1400 = 0. What is the greatest common factor of 25 and b?
25
Suppose 5*m - 75*m + 131 = -1689. What is the greatest common factor of m and 5070?
26
Let b be (3/6 + 1)/((-42)/(-952)). Let w = 14 + b. Calculate the highest common divisor of 6 and w.
6
Let x be ((-1)/(-4)*-2)/((-20)/40). Let v be 5/x + 3 - (-3 + 4). What is the highest common factor of v and 14?
7
Let r = 155 - -21. Suppose 23*h - 192 = r. Calculate the highest common divisor of h and 88.
8
Suppose 4*i - 55 = -3*f, -2*i = 11 - 1. Suppose -5*q + 68 = 4*o, -4*o - 2*q = -f - 31. Let a = 330 + -282. What is the greatest common factor of a and o?
12
Let g(j) = 160*j - 66. Let w be g(12). Calculate the greatest common factor of 54 and w.
18
Let k(y) = 3*y**2 - 157*y + 2160. Let h be k(14). Calculate the greatest common divisor of h and 3190.
110
Let q = -111 + 119. Suppose -5*z + q*z = 1026. What is the highest common divisor of z and 38?
38
Suppose 4*j + 1 = 5. Suppose 0 = 4*x - 4*y - 64, -3*y + 5 - 14 = 0. What is the highest common factor of j and x?
1
Let u be 16 + (-2 - 9) + 18/(-9) + 4. Calculate the greatest common divisor of u and 2709.
7
Let q(a) = -a**3 - 3*a**2 + 18*a + 36. Suppose -x - 18 = 3*f, x = -2*x. Let m be q(f). What is the highest common divisor of 90 and m?
18
Let l be 5 + 45/(-5) - (4 + -20). Let n = -4 - -244. What is the highest common factor of l and n?
12
Suppose 19*m - 17868 - 2462 = 0. What is the highest common divisor of 60 and m?
10
Let o(v) = 12*v**2 - 10*v + 334. Let g be o(-10). Calculate the greatest common divisor of g and 38.
38
Let z be 7027 - (2/(-4) - 15/(-30)). Suppose -z + 2437 = -17*u. Let t(w) = -8*w + 3. Let f be t(-3). Calculate the greatest common divisor of u and f.
27
Let b = -11571 - -12915. What is the greatest common factor of 147 and b?
21
Let c(i) = -6*i**3 + 3*i**2 - 136*i + 53. Let g be c(-13). Calculate the highest common factor of 22 and g.
22
Let q be 1 - -9 - (-52)/(-13). Calculate the highest common factor of 570 and q.
6
Let z = -6694 - -6969. What is the highest common factor of 33 and z?
11
Let b = 3590 + -3520. Let z = 67 + -39. What is the greatest common factor of z and b?
14
Suppose f - 3*f + 5032 = 4*a, 0 = 4*a + 3*f - 5040. Calculate the greatest common factor of 38 and a.
38
Suppose -13*o + o + 7395 + 37005 = 0. What is the highest common divisor of o and 500?
100
Let b be 0*(3 + 35/(-10)). Suppose 8 = 2*r - b*r. Let u be (-12)/30*18*-5. What is the highest common divisor of u and r?
4
Let o(n) = -n**2 + 13*n - 31. Let z be o(4). Suppose 3*m = -z*v + 539 + 200, 2*m = v + 471. What is the greatest common divisor of 102 and m?
34
Let h be ((-7250)/261 - -28) + (-62654)/(-18). Calculate the greatest common divisor of h and 118.
59
Let t be (-24)/(-210)*35/10 - (-7916)/10. What is the greatest common divisor of t and 55?
11
Let u be (-2 + -1 + 1)*-7. Suppose 3*q + 12 = 5*q. Suppose u - q = 4*t. Calculate the greatest common divisor of t and 1.
1
Let p(o) = -2*o**2 + 123*o + 973. Let u be p(-7). Suppose i + 398 = 2*i - 3*f, -3*i + 5*f = -1186. What is the greatest common factor of i and u?
14
Suppose -l + 19 = 7*x - 